 20/2. What is the highest common factor of o and z?
6
Suppose 4*d - 9 = 3*d. Let i = -8 + d. Calculate the greatest common factor of 11 and i.
1
Suppose 6*d - 4*d - 68 = 0. Let l = -19 + d. What is the greatest common factor of l and 120?
15
Let d(r) = r**3 + 1. Suppose 7*i - 4*i = 6. Let v be d(i). Calculate the greatest common divisor of 36 and v.
9
Suppose -2*z = -2*p + 260, -4*p + 2*z - 5*z = -506. Let q(b) = -b**3 + 19*b**2 - 16*b - 20. Let l be q(18). What is the greatest common factor of p and l?
16
Suppose 0 = -z + 2, 5*r = -z + 4 + 318. Let f = r - 32. Suppose 4*v - f = 2*v. What is the greatest common divisor of v and 8?
8
Suppose 3*z - 200 = -z. Let g be (-1 + -2)/((-15)/z). What is the highest common divisor of 10 and g?
10
Let p be -3*(-2 - 12/9). Suppose 2*c + 3*l - 157 = 0, 4*l - 104 = -3*c + 129. Let u = c + -41. Calculate the greatest common factor of p and u.
10
Let w be -1*3 - -2 - -1. Suppose 2*b - 50 - 34 = w. Suppose -3*l = 2*r + 3*r - 152, -4*r + 132 = 5*l. What is the greatest common divisor of b and r?
14
Suppose -5*s + 107 = 4*i, -s - 86 = -3*i + s. Suppose -4*l + 7*l - 42 = 0. What is the highest common divisor of l and i?
14
Let w = 15 + -42. Let b be (-1)/(-5) - w/15. Suppose -m + b*m = 28. What is the greatest common divisor of m and 42?
14
Let l be 7/((-245)/10)*-7. What is the greatest common factor of 1 and l?
1
Suppose f = 4*r - 3 - 18, -25 = -5*r. Let b be 1 + f - (-1 + 0). Let z = 3 - b. Calculate the highest common divisor of 14 and z.
2
Let m be 3/(-6)*1*-102. Calculate the greatest common divisor of 17 and m.
17
Let z(m) = -m**2 + 13*m - 18. Let g be z(10). Calculate the highest common divisor of 4 and g.
4
Suppose -5*y + 45 = -2*w + 5*w, -4*y + 5*w = 1. What is the highest common factor of 48 and y?
6
Let t(c) = -c**3 + 4*c**2 - 3*c + 5. Let g be t(2). Calculate the greatest common factor of 49 and g.
7
Let f(q) = -19*q + 2. Let l be f(-1). Suppose 4*g - l = g. Calculate the greatest common factor of g and 7.
7
Let m(y) = -y**2 - 10*y - 10. Let c be m(-8). What is the highest common factor of 42 and c?
6
Suppose -2*i - 2*q + 30 = 0, 0 = 4*i - q - 18 - 37. Suppose -2*t + 4*t - i = 0. Calculate the greatest common divisor of t and 63.
7
Let z(i) = -20*i + 2. Let r be z(-1). Calculate the greatest common divisor of 154 and r.
22
Suppose 3*t - r - 22 - 43 = 0, 3*t = 4*r + 62. Calculate the greatest common divisor of 22 and t.
22
Suppose -4*v + 3*n = -v + 9, 2*n = 10. Let b(i) = 6*i**2 - i - 2. Let c be b(v). What is the greatest common divisor of c and 4?
4
Let u = 328 + -192. Let z = -17 - -34. Calculate the highest common divisor of z and u.
17
Suppose -5*q = 4*k - q - 88, 0 = 5*q - 10. Let n = k + 8. What is the greatest common factor of n and 4?
4
Let d(n) = n**3 - 10*n**2 + 14*n. Let s be d(10). Calculate the highest common divisor of s and 20.
20
Suppose 5*w = -2*a + 2, 0 = 5*a + 2*w - 27 + 1. Suppose 2*j - a*j = -828. Suppose 3*s = j + 24. What is the highest common divisor of s and 7?
7
Suppose a - 6*a = -5. What is the highest common factor of a and 3?
1
Suppose -4*n + 120 = -56. Calculate the greatest common divisor of 110 and n.
22
Let b(l) = -2*l - 4. Let k be b(3). Let w be (3 + -11)*k/4. Let n(c) = c**2 - 2*c - 7. Let m be n(5). Calculate the highest common divisor of w and m.
4
Let l be ((-3)/6*-4)/2. Let b be (l + 9)*(-30)/(-20). What is the greatest common divisor of 6 and b?
3
Suppose 0 = -3*u + 58 - 7. What is the greatest common divisor of u and 17?
17
Let i be 8/(-6)*(-60)/2. Calculate the greatest common factor of i and 16.
8
Let w(x) = -x**3 + 5*x**2 + 6*x + 1. Let h be w(6). What is the highest common factor of h and 1?
1
Let j(y) = y**2 + 5*y**2 + 0*y**2 - 4 - 4*y**2 + 2*y. Let t be j(-3). What is the greatest common factor of t and 1?
1
Let q(m) = -9*m. Let w be q(-2). Suppose -p + 0*i + 47 = 4*i, i = -4*p + 173. Let f = p + -16. What is the highest common divisor of w and f?
9
Let x be (-1 + 10)/((-6)/(-4)). Let a = -11 + 17. What is the greatest common divisor of x and a?
6
Let c be (-6)/(-3) + 30 + 4. Calculate the greatest common factor of c and 27.
9
Suppose 0 = 76*q - 81*q + 65. What is the highest common factor of 65 and q?
13
Let t(u) = u**3 - 8*u**2 - 8*u - 7. Let p be t(9). Let o be (-2 + p)*(-3)/(-6). Let s be 10 - (o/1)/(-3). What is the highest common factor of 15 and s?
5
Let o(a) = 7*a + 2*a - 2*a - 1. Let j be o(1). Calculate the highest common factor of 66 and j.
6
Suppose -2*o + 5 = -1. Let g(s) = s**3 - s**2 + 3*s + 3. Let c be g(3). What is the highest common divisor of o and c?
3
Suppose 4*l = 18 + 42. What is the highest common factor of 6 and l?
3
Suppose 2*r = 2*a - a + 9, -3*a + r = 2. Let s = -7 - -10. Let w = 4 - s. What is the highest common divisor of w and a?
1
Let b be (-572)/(-4) - 6/2. Suppose 4*k - 56 = 24. What is the greatest common divisor of k and b?
20
Let v(f) = f - 5. Let a be v(18). What is the highest common divisor of 117 and a?
13
Suppose -7*s + 951 = 181. What is the highest common factor of s and 10?
10
Let t = 17 + -9. Suppose -41 = 3*l - 8*l + o, 22 = 3*l + 2*o. What is the highest common divisor of l and t?
8
Let n = -2 + 7. Calculate the greatest common divisor of 10 and n.
5
Let z(v) = -v**3 - 2*v**2 - 2*v. Let i be z(-1). What is the greatest common divisor of i and 13?
1
Suppose 4*x - 16 = 0, 0 + 19 = m - 2*x. Let f be (-6)/(-1)*(4 + -1). What is the greatest common factor of f and m?
9
Let a(h) = 4*h - 14. Let b be a(8). What is the greatest common factor of 9 and b?
9
Let b be ((-80)/25)/((-4)/10). What is the highest common divisor of 4 and b?
4
Suppose 0 = -3*n + 3, -b + 144 = 5*n + 17. Let k be 4/18 - b/(-18). What is the greatest common divisor of k and 28?
7
Let n(r) = 3*r**2 - 20*r - 82. Let t be n(-10). Calculate the highest common divisor of 38 and t.
38
Let a be (3 - (-8)/(-1))*1. Let m(s) = s**2 - s - 7. Let z be m(a). What is the greatest common divisor of 115 and z?
23
Suppose 23*g = 72*g - 245. Let o be 0 - 1 - 1*-21. Calculate the highest common factor of o and g.
5
Let c(m) = -m**3 + m**2 - m + 63. Let j be c(0). Suppose -15 = 4*u - 7*u, -2*l = -5*u + 7. Calculate the highest common divisor of j and l.
9
Let i = 14 - 11. Let v(m) = m**3 - m**2 + 39. Let j be v(0). Let d = j + -15. What is the greatest common divisor of i and d?
3
Let u(h) = h + 26. Let j be u(-18). What is the greatest common divisor of 56 and j?
8
Suppose 28 = 3*l - 5*f - 0, -f - 32 = -3*l. Let m be (-3)/(-6)*-2 + 100. Calculate the greatest common divisor of m and l.
11
Let m = -123 + 131. Calculate the greatest common factor of 104 and m.
8
Let k = 36 - 18. Calculate the highest common factor of k and 72.
18
Let c(s) = -s**3 + 14*s**2 - 23*s + 28. Let t be c(12). Let x(h) = 2*h**3 - 5*h**2 + 4*h - 1. Let d be x(3). Calculate the highest common factor of d and t.
20
Let t be (-5 - -7) + (-50)/1. Let q be ((-4)/(-6))/((-4)/t). Suppose -2*u - u = -6. Calculate the highest common divisor of u and q.
2
Let g = 29 - 4. Suppose -4*d + g = -31. Suppose 4*j - 444 = q, -j - 6*q = -3*q - 124. What is the highest common divisor of j and d?
14
Let k = -138 + 219. What is the highest common factor of 9 and k?
9
Let k = -24 - -32. Calculate the greatest common divisor of 24 and k.
8
Let l be (-3 + (-10)/(-4))*-6. Suppose -2*s + 5*y = -97, -2 - l = y. Let g = 18 + -9. Calculate the greatest common factor of g and s.
9
Let h be ((3 - 3) + 1)*17. Calculate the greatest common divisor of h and 17.
17
Let z be 12 + -2 - 1 - 1. Suppose -3*t + 20 = 2*d + 3, -2*t + z = d. Calculate the greatest common divisor of d and 110.
10
Let z(x) = -13*x**3 + 2*x + 1. Let l = -5 + 5. Let r = -1 - l. Let y be z(r). What is the greatest common factor of 18 and y?
6
Let o(z) = z**3 + z**2 + 8. Let w be o(0). Let i be -39 + 33 + (29 - -1). Calculate the highest common divisor of i and w.
8
Let b be (-55)/(35/(-28) + (-3)/(-4)). Calculate the greatest common factor of b and 10.
10
Suppose 0 = -4*f - 5*c + 3*c + 336, 0 = -4*c. What is the highest common divisor of 6 and f?
6
Suppose 40 = 2*o + 4*u, 0 = 4*u - 1 - 11. Let h = o + 2. Calculate the highest common factor of h and 48.
16
Let o be (-4)/14 + 430/35. Let h = 6 - 3. Suppose a + 120 = h*a. What is the greatest common divi